(-8)?
True
Let g be (-30)/(-1)*128/20. Suppose -4*p = 5*s - 18, 0 = 4*p + 11*s - 15*s. Suppose -p*t - g = -5*t. Is 16 a factor of t?
True
Let a(c) = -c**3 + 23*c**2 - 27*c + 9. Is a(9) a multiple of 30?
True
Suppose 3*c - 25 = -2*c. Suppose 4*n + 16 = 0, 0*h - c*n = -4*h + 8. Is 6 a factor of h - -1*(-44)/(-4)?
False
Suppose -36 = 5*b + 4*c, -4*b - 5*c - 32 = -b. Let j be 8/b + 38 + -1. Suppose 3*d - 8*d = -j. Is 7 a factor of d?
True
Let a = 9 - 4. Suppose 3*w + n = -a + 12, 4*w - 4 = -4*n. Is (6/w - 3)*-13 a multiple of 13?
True
Suppose k - 5*u = -u + 5, 109 = 5*k + u. Let q = k + -18. Suppose 0 = -0*t + q*t - 93. Is 8 a factor of t?
False
Is 13509/24 - (-8)/64 a multiple of 17?
False
Let d = 2999 - 1715. Suppose -5*x - d = -17*x. Is x a multiple of 13?
False
Let k(x) = -x**2 - 41*x + 18. Is 15 a factor of k(-9)?
False
Does 12 divide 3174/15*(-45)/(-18)?
False
Let y(v) = -v**2 - 11*v + 12. Suppose 0 = 2*p + l - 32, -2*l = -3*l - 4. Suppose 2*d = 4*d + p. Does 9 divide y(d)?
False
Let w = 14 - -71. Suppose -5*c + 425 + w = 0. Is 17 a factor of c?
True
Let d(k) = -k + 1. Let n be d(-4). Let m = -384 + 434. Suppose 0 = -2*q - 3*t + 26, 3*q + q + n*t = m. Is q a multiple of 2?
True
Suppose 5*r + 243 = 2*r. Let d be (-1)/(-2) - r/18. Suppose -l + 3*o + 72 = l, 4*l = -d*o + 144. Is 9 a factor of l?
True
Suppose -23*b - 2260 = -27*b. Is 28 a factor of b/7 - 14/(-49)?
False
Suppose -1 = -3*h + 8. Suppose 0 = -h*y - 17 - 28. Let i(x) = x**2 + 14*x + 15. Does 30 divide i(y)?
True
Suppose 10*l + 4*s - 4990 = 8*l, -s = l - 2490. Is 77 a factor of l?
False
Suppose -7*u + 29928 = 51*u. Is u a multiple of 8?
False
Let k(c) be the second derivative of -c**5/20 - 13*c**4/12 - c**3/3 - 5*c**2/2 + 19*c. Is 5 a factor of k(-13)?
False
Suppose -165 = -j + 190. Is j a multiple of 6?
False
Let p be 3/1 + (-1 - -34). Let v = p + -36. Suppose -r + 4*g = -0*r - 4, g - 4 = v. Is r a multiple of 20?
True
Suppose 3*u = -t + 1637, u - 6*t - 551 = -5*t. Let d = u + -371. Is 22 a factor of d?
True
Let r = -8 - -5. Let h be r + -19 + -1 + 0. Does 4 divide 1*(1 + -3 - h)?
False
Is 15 a factor of (11/(22/(-28)))/((-4)/6)?
False
Does 13 divide 5/(15/949)*3?
True
Suppose -4*d - 1 = 4*o - 9, 3*o + 5*d = 12. Let q(y) = 28*y**3 - 2*y**2 + 1. Let b be q(o). Does 19 divide 10/(-5) - (b - 1)?
False
Suppose 0 = -i - i - 5*u + 9, -5*u + 26 = 3*i. Does 8 divide i?
False
Suppose -5*i - 18 = -3, d + 3*i = 398. Does 30 divide d?
False
Suppose -5*d - 5*d + 3360 = 0. Suppose 0 = 61*v - 64*v + d. Is v a multiple of 28?
True
Let d be ((-12)/10)/(-5 - (-5118)/1020). Let n = d + 110. Is n a multiple of 7?
True
Suppose -4*c = -5*h - 5, -2*h + h - 1 = c. Let g be -6 - -2 - (-4 + -1). Does 6 divide (g*h)/((-6)/120)?
False
Let x(l) = -35*l**3 - 8*l**2 + l + 3. Is x(-3) a multiple of 25?
False
Suppose -1 = -3*n + 11. Suppose 0 = n*w - 8. Suppose -q = w*q - 225. Is 25 a factor of q?
True
Suppose 7*w = w. Let u(z) = -z**2 + 27. Is 17 a factor of u(w)?
False
Is 10 a factor of ((-5)/(-10))/(3 - 5037/1680)?
True
Let c(d) = -d**2 + 12*d - 2. Let x be c(10). Suppose 3*b - x = -3*y, -4*b + y + 32 = 3*y. Suppose 2*q - 38 = b. Does 12 divide q?
True
Let l(f) = f**2 + 15*f + 18. Let z be l(-14). Suppose z*d = 77 + 47. Is 16 a factor of d?
False
Suppose 660 = 7*l + 3*l. Is l a multiple of 3?
True
Does 41 divide 525/75*1/(21/4644)?
False
Let t = 73 - 43. Let j = t + -26. Suppose j*b - 92 = 76. Is 21 a factor of b?
True
Let a be (-3 + -1 - -1) + 1335. Let j be (-2)/(-5) - a/(-45). Let s = j + -2. Is 8 a factor of s?
False
Let s(i) = -37*i - 503. Does 57 divide s(-41)?
False
Let z = -206 - -406. Is 10 a factor of z?
True
Suppose 0 = -4*r - 141 + 701. Let c = r + 42. Suppose 360 = 4*u + 5*o, 2*o - c = -5*u + 3*u. Is u a multiple of 23?
False
Suppose 10598 = -8*g + 22*g. Does 9 divide g?
False
Let f(p) be the first derivative of p**4/4 - 2*p**3 + 3*p**2 - 3*p + 12. Is 9 a factor of f(6)?
False
Let a = 10 - 13. Let w be 0*a/(-12) - -7. Let f(p) = p**2 - 2*p - 4. Is f(w) a multiple of 14?
False
Suppose -158 = 7*h + 31. Is 9 a factor of (-6)/h + 302/18?
False
Let i be (4/((-32)/2))/(2/(-56)). Is 14 a factor of -1 + 5/i + (-13949)/(-91)?
False
Is 8 a factor of (-480)/(-18)*126/35?
True
Suppose 0 = 52*x - 57*x. Suppose b + 7 - 127 = x. Does 12 divide b?
True
Let q(v) = 7*v - 52. Let j be q(7). Let i = j + 31. Is i a multiple of 7?
True
Suppose 0 = -5*h - 0 + 15. Suppose h*c - 30 = 3*o, -50 = 3*o + 3*c - 8. Let m = o - -26. Is 7 a factor of m?
True
Let u(s) = 9*s**2 - 5*s + 4. Suppose -20 + 59 = 13*j. Is 3 a factor of u(j)?
False
Suppose 4*f - 2*c + 5*c = 106, f + 4*c - 20 = 0. Let v be (0 + 1)/((-2)/f). Let d = 26 + v. Does 11 divide d?
False
Suppose 50*h = 54*h + 5*o - 1807, 0 = -4*o - 4. Does 30 divide h?
False
Suppose 0 = 4*u - u - 4*q - 4196, 0 = -u - 4*q + 1388. Is 67 a factor of u?
False
Let h(v) be the third derivative of v**6/120 + 7*v**5/60 + 4*v**3/3 + v**2. Let k be (-5 + (11 - 3) - 3) + -6. Does 16 divide h(k)?
False
Let a be 32/(-6) - 2/(-6). Let w(q) = q**2 + 3*q - 6. Let p be w(a). Let v = p - -7. Is 3 a factor of v?
False
Suppose -3*q + t = -2*q + 15, 8 = 2*t. Let r(n) = -7*n - 5. Does 8 divide r(q)?
True
Let m(a) = a**3 + 15*a**2 + 8*a - 48. Is 24 a factor of m(-12)?
True
Suppose -i + 4*m - 5 = 0, -i - 2*m + 13 = -0*i. Let a(o) = 26*o + i*o - 9*o + 5 + 19*o. Is 15 a factor of a(2)?
False
Let q = 35 - 28. Let l = 75 + q. Suppose -4*h = -8, l = 2*s - 0*s + 5*h. Is 18 a factor of s?
True
Suppose -2*h - 2268 = 5*h. Is 8 a factor of (h/6)/(4/(-2))?
False
Suppose -3*j + 0*o + 4*o = -29, 2*o = 4*j - 22. Suppose 0 = 2*z + 2*b - 210, -j*b + 0*b - 493 = -5*z. Is z a multiple of 21?
False
Let d be 43/8 - 42/112. Suppose 1598 = d*b + 12*b. Is 22 a factor of b?
False
Let a(u) be the first derivative of u**4/2 - 2*u**3/3 - u**2 + 2*u + 168. Let o = -4 - -7. Is a(o) a multiple of 8?
True
Let f(k) = 23*k**2 - 16*k + 164. Is f(8) a multiple of 13?
True
Suppose 16 = 28*a - 20*a. Let p(r) = r**2 - 3*r + 1. Let d be p(4). Suppose 70 + 95 = d*i - 2*q, 0 = 4*i + a*q - 150. Is 6 a factor of i?
False
Suppose 0 = r + r + 12. Let m(a) be the third derivative of -7*a**4/24 + 2*a**3/3 + 148*a**2. Is 23 a factor of m(r)?
True
Let u(r) = 5*r - 6. Let b(a) = -3*a + 29. Let q(i) = i - 10. Let t(d) = 4*b(d) + 11*q(d). Let h be t(-2). Is u(h) a multiple of 8?
False
Let p be 16/(-6)*(-6)/4. Suppose 0 = -10*w + 60 + 60. Does 14 divide 24*3*p/w?
False
Suppose -3*t - 57 = -d - 0*d, -4*t - 118 = -2*d. Suppose n = -2*q + 67, d = -0*n + n + q. Is 21 a factor of 3/((-6)/(-8)) + n?
True
Let a be (-1176)/32 + 1/(-4). Let d = a + 11. Does 2 divide d/(-6) - (-2)/(-6)?
True
Suppose -3*c + c - 3*s = -1679, -4*s = c - 827. Is c a multiple of 77?
True
Is ((-3)/2 - -3)*(-19184)/(-24) a multiple of 51?
False
Let h(w) = -34*w - 9. Let n be h(-7). Let c = n - 163. Does 6 divide c?
True
Let t(f) be the first derivative of -29*f**2/2 + 2*f + 11. Is 13 a factor of t(-1)?
False
Suppose 4*m = b - 2, -3*b - m = -2*m - 6. Suppose 20 = b*k + 3*k. Suppose k*x = -x + 200. Is 17 a factor of x?
False
Suppose -g + 76 = -5*d, 0*g + 2*g - 4*d = 140. Is 4 a factor of g?
False
Suppose -l - g + 61 = -4*g, 5*l - 281 = 3*g. Suppose -q + l = -0*q - 2*y, y = 3*q - 180. Let h = q - 37. Does 6 divide h?
True
Suppose 2*t = q + q + 132, 3*q = -4*t - 198. Let a = -11 - q. Is 12 a factor of a?
False
Let f = 1745 + -380. Is f a multiple of 35?
True
Let b(g) be the second derivative of g**4/24 + g**3/3 + 3*g**2/2 + 5*g. Let u(l) be the first derivative of b(l). Is u(10) a multiple of 12?
True
Suppose 20*i + 120 = 21*i. Suppose 9*t + i = 13*t. Is (-1873)/(-15) + 4/t a multiple of 24?
False
Let b = 283 - -557. Is 12 a factor of b?
True
Suppose 3*v + 2 - 1 = u, 3*u = 3*v + 9. Let m = u + 7. Does 11 divide m?
True
Suppose 4*w = 3*w. Suppose w = 3*t + 18 + 6. Does 8 divide 12/(((-12)/3)/t)?
True
Suppose 8*j = j + 28. Suppose 0 = j*l + 6 - 646. Does 40 divide l?
True
Let f be (129/6)/(1/2). Let b = 78 - f. Is 4 a factor of b?
False
Let g(m) = -10*m**3 - 2*m**2 - 2*m - 1. Let r(x) = -x**2 - 2*x - 1. Let o be r(0). Is 2 a factor of g(o)?
False
Let v(s) = 2*s**2 + s - 8. Is 35 a factor of v(6)?
True
Suppose 17*l - 619 - 724 = 0. Is l a multiple of 9?
False
Suppose 575 = x - 180. Suppose 5*b 